- 19. Give o(19).
57
Let l(x) = 19*x**2 - 14*x + 31. Calculate l(3).
160
Let v(z) = -36*z + 38. Determine v(2).
-34
Let b(z) = 3*z**3 + 18*z**2 - 53*z - 270. Give b(-5).
70
Let r(x) = -x**3 - 129*x**2 + 669*x - 153. What is r(-134)?
-19
Let n(r) = -r**2 - 20*r + 48. Give n(-12).
144
Let s(l) = -l**2 + 282*l - 7343. Determine s(253).
-6
Let m(s) = s**3 - 184*s**2 - 942*s - 591. Calculate m(189).
-24
Let y(m) = 2*m**3 + 48*m**2 + 236*m - 29. What is y(-17)?
5
Let u(y) = -18*y**3 + y. Calculate u(-1).
17
Let o(i) = i**3 - 21*i**2 - 76*i - 4. What is o(-3)?
8
Let k(o) = 134*o - 8327. What is k(61)?
-153
Let d(w) = -28*w**2 + 161*w + 161. Give d(-1).
-28
Let r(k) = 5*k**2 - 132*k + 701. Give r(19).
-2
Let f(j) = -7*j - 46. Give f(0).
-46
Let h(g) = 8*g**2 - 51*g - 8. Determine h(8).
96
Let p(f) = -2*f**3 - 83*f**2 - 166*f - 4. Give p(-2).
12
Let l(v) = v**3 - 11*v**2 - 91*v + 978. Calculate l(9).
-3
Let n(a) = 3*a**2 + 86*a + 572. Calculate n(-18).
-4
Let i(y) = -99*y - 2656. Determine i(-26).
-82
Let u(n) = 650*n - 637. Calculate u(1).
13
Let v(c) = -31*c**2 + 1557*c - 347. Determine v(50).
3
Let p(c) = -c**2 - 42*c + 19. What is p(-13)?
396
Let b(r) = 3*r**2 + 11*r + 57. Determine b(-4).
61
Let p(c) = -c**3 + 104*c**2 + 215*c - 1. Give p(-2).
-7
Let c(x) = 158*x - 7114. What is c(45)?
-4
Let k(s) = -8*s**2 - 19*s - 13. Calculate k(-2).
-7
Let q(p) = -20*p + 184. Determine q(8).
24
Let b(w) = 3*w**3 + 7*w**2 + 36*w + 206. What is b(-6)?
-406
Let u(m) = 22*m + 82. What is u(-7)?
-72
Let o(a) = -a**3 - 33*a**2 + 103*a - 146. Determine o(-36).
34
Let i(z) = -2*z**3 - 22*z**2 + 15*z - 124. Calculate i(-12).
-16
Let b(c) = -3*c**2 - 39*c + 41. Calculate b(-17).
-163
Let y(v) = v**2 - 83*v - 341. Determine y(-4).
7
Let t(u) = 5*u**2 + 119*u + 202. Calculate t(-24).
226
Let p(a) = -a**3 + a**2 - 11*a - 16. Calculate p(7).
-387
Let h(q) = 28*q**2 - 102*q - 204. Give h(-2).
112
Let p(t) = 20*t + 2081. Determine p(-106).
-39
Let y(u) = -181*u + 17745. Calculate y(98).
7
Let u(d) = 3799*d + 26577. Calculate u(-7).
-16
Let w(f) = f**2 - 4*f - 106. Calculate w(-9).
11
Let r(a) = 9*a**2 - 120*a - 55. What is r(14)?
29
Let k(j) = -97*j**2 + 1365*j - 109. Give k(14).
-11
Let k(j) = -j**3 + 6*j**2 - 57*j + 1210. What is k(11)?
-22
Let i(o) = -98*o - 339. Determine i(-4).
53
Let x(j) = 142*j**2 - 853*j + 11. Give x(6).
5
Let x(r) = -r**2 - 4*r + 49. Determine x(-11).
-28
Let j(w) = -w**3 + 12*w**2 + 25*w + 32. What is j(12)?
332
Let x(g) = -445*g + 44493. What is x(100)?
-7
Let r(v) = -v**3 - 77*v**2 - 552*v + 7. Determine r(-69).
7
Let k(d) = 3*d + 142. Determine k(-34).
40
Let c(s) = 17*s + 65. Determine c(-6).
-37
Let u(f) = f**2 + 385*f - 3120. Calculate u(8).
24
Let a(y) = 9*y**2 - 2*y + 14. Give a(0).
14
Let u(k) = 111*k**2 + 9*k + 2. Give u(2).
464
Let k(i) = -2*i**2 + 85*i + 374. Determine k(-4).
2
Let t(q) = 14*q - 464. Calculate t(33).
-2
Let k(i) = -7*i**2 - 3540*i - 7066. Calculate k(-2).
-14
Let u(f) = 5*f**2 - 55*f + 66. Calculate u(6).
-84
Let t(z) = -2*z**2 - 147*z - 92. What is t(-73)?
-19
Let a(c) = -c**3 + 18*c**2 - 16*c - 105. What is a(17)?
-88
Let j(k) = -441*k + 1324. Give j(3).
1
Let w(p) = -p**2 - 89*p - 742. Determine w(-8).
-94
Let k(z) = -z**3 - 4*z**2 - 59*z - 315. What is k(-5)?
5
Let t(v) = 65*v**2 + 297*v - 152. What is t(-5)?
-12
Let g(s) = -105*s**2 + 1697*s - 279. Calculate g(16).
-7
Let h(o) = o**2 - 162. Give h(12).
-18
Let f(l) = -27*l - 720. Determine f(-28).
36
Let m(n) = 2*n**3 - 4*n**2 - 11*n - 18. Give m(-3).
-75
Let v(p) = 639*p - 60062. Give v(94).
4
Let w(s) = s**2 + 3*s - 118. Calculate w(-15).
62
Let o(t) = t**2 - 22*t - 611. Determine o(38).
-3
Let i(x) = -12*x + 3. Calculate i(-6).
75
Let o(k) = 159*k - 1633. Determine o(11).
116
Let t(w) = 3*w**2 + 268*w + 67. Determine t(-89).
-22
Let j(h) = 5*h**3 - 25*h**2 - 10. Calculate j(4).
-90
Let o(z) = 11*z**2 + 147*z - 5. Determine o(-14).
93
Let h(g) = -3*g**3 + 24*g**2 - 13*g - 31. What is h(7)?
25
Let v(r) = -5619*r + 56201. Give v(10).
11
Let h(m) = 43*m - 30. Give h(-3).
-159
Let z(v) = 31*v + 316. What is z(-11)?
-25
Let m(l) = l**3 + 9*l**2 - l + 25. Determine m(-8).
97
Let d(o) = -2*o**2 - 17*o + 180. Calculate d(5).
45
Let s(v) = -28*v + 826. What is s(29)?
14
Let f(l) = -2*l**2 + 72*l + 253. What is f(39)?
19
Let q(m) = 20*m + 482. What is q(-19)?
102
Let n(t) = t**3 - 29*t**2 + 138*t + 33. What is n(23)?
33
Let a(v) = 2*v**2 - 864*v - 2589. Determine a(-3).
21
Let j(a) = -a**3 + 23*a**2 - 16*a - 17. Give j(23).
-385
Let c(j) = -j**3 + 3*j**2 + 16*j + 19. What is c(6)?
7
Let v(j) = j - 109. What is v(24)?
-85
Let y(c) = -157*c - 8980. Calculate y(-57).
-31
Let g(k) = k**2 - 45*k + 59. Give g(43).
-27
Let q(v) = -163*v - 3409. Give q(-21).
14
Let w(c) = 26*c - 1628. Give w(65).
62
Let w(z) = z**3 - 21*z**2 + 98*z + 13. Calculate w(9).
-77
Let x(k) = 489*k + 9795. Determine x(-20).
15
Let g(a) = 3*a - 63. Determine g(-14).
-105
Let p(x) = -x**2 - 30*x + 1. Give p(0).
1
Let r(m) = m**3 - 8*m**2 - 47*m + 270. Calculate r(10).
0
Let d(w) = 2427*w + 4838. Determine d(-2).
-16
Let f(v) = -v**2 - 24*v + 1289. Calculate f(-49).
64
Let l(p) = -15*p**2 + 1073*p + 487. What is l(72)?
-17
Let y(b) = -91*b + 56. Calculate y(8).
-672
Let z(v) = 4*v**2 - 365*v - 266. Determine z(92).
10
Let q(m) = -3*m**3 - m**2 + 2*m - 7. What is q(3)?
-91
Let t(o) = -16*o - 29. Determine t(9).
-173
Let i(f) = 2646*f - 5328. Determine i(2).
-36
Let v(f) = -29*f + 287. Calculate v(12).
-61
Let x(m) = -48*m + 223. Calculate x(7).
-113
Let g(y) = -y**2 - 313*y + 4681. Give g(14).
103
Let h(u) = -u**2 - 4840*u + 72839. What is h(15)?
14
Let y(j) = 36*j + 3054. What is y(-84)?
30
Let g(h) = 6*h**3 + 6*h**2 + 33*h + 7. Give g(-3).
-200
Let n(i) = -17*i**3 + 4*i**2 + 224*i + 221. Calculate n(-1).
18
Let p(g) = 4*g**2 + 222*g + 2887. Give p(-21).
-11
Let o(i) = 2*i**3 - 94*i**2 - 93*i - 153. Give o(48).
-9
Let h(i) = -i**3 + 96*i**2 - 608*i - 20. Calculate h(7).
85
Let x(b) = 2804*b - 2801. Give x(1).
3
Let j(h) = 29*h + 1185. What is j(-40)?
25
Let l(p) = -21*p - 92. Calculate l(-5).
13
Let p(d) = -48*d**3 + 863*d**2 + 19*d - 43. Calculate p(18).
-25
Let s(p) = 13*p**3 - 185*p**2 + 40*p + 6. Give s(14).
-22
Let q(z) = 3*z**3 - 13*z**2 + 27*z - 9. What is q(6)?
333
Let s(o) = -o**3 + 12*o**2 + 3*o - 184. Calculate s(5).
6
Let d(s) = 15*s**2 - 129*s + 5. Determine d(9).
59
Let s(o) = -20*o**2 + 342*o - 8. Give s(17).
26
Let t(g) = -5*g**2 - 390*g - 757. Calculate t(-76).
3
Let m(s) = -s**3 - 39*s**2 + 41*s + 116. What is m(-40)?
76
Let y(x) = 2*x**2 + 7*x - 162. Give y(8).
22
Let g(q) = 2*q**2 + 21*q - 840. Calculate g(-26).
-34
Let i(g) = -22*g + 38. Determine i(-46).
1050
Let g(v) = v**3 - 112*v**2 - 220*v - 909. Give g(114).
3
Let x(b) = 21*b - 30. What is x(-6)?
-156
Let o(m) = 659*m - 55381. Determine o(84).
-25
Let i(d) = 3*d**2 - 12*d + 11. What is i(2)?
-1
Let r(n) = -162*n - 205. What is r(-4)?
443
Let y(h) = -2*h**2 - 11*h + 14. What is y(-10)?
-76
Let x(h) = -21*h + 560. Determine x(25).
35
Let v(w) = -4*w + 252. Give v(15).
192
Let b(x) = 3*x**2 - 66*x + 172. What is b(3)?
1
Let m(c) = -7*c + 53. Calculate m(-7).
102
Let j(r) = -r**3 - 19*r**2 + 126*r - 181. Determine j(2).
-13
Let q(a) = 2*a**3 - 171*a**2 + 251*a + 76. Calculate q(84).
-8
Let o(l) = -186*l + 3357. Give o(18).
9
Let h(j) = -26*j**2 - 271*j - 122. What is h(-10)?
-12
Let q(f) = 640*f + 3835. Calculate q(-6).
-5
Let d(b) = -8*b**2 - 144*b - 175. Determine d(-17).
-39
Let r(a) = -462*a - 649. Calculate r(0).
-649
Let h(t) = 2*t**3 + 117*t**2 + 176*t + 266. Determine h(-57).
-19
Let a(u) = 2*u**2 + 81*u - 4513. Determine a(32).
127
Let m(z) = 18*z + 3741. What is m(-209)?
-21
Let q(y) = -2*y**3 + 10*y**2 - 25*y + 26. Give q(2).
0
Let d(o) = o**2 - 437*o + 3041. Calculate d(7).
31
Let y(x) = -51*x - 894. Determine y(-18).
24
Let s(u) = -u - 65. Determine s(-13).
-52
Let t(w) = -5*w**2 + 92*w - 38. Calculate t(18).
-2
Let n(c) = 11*c**3 + 36*c**2 + 3*c - 6. Determine n(-3).
12
Let l(a) = 2*a**3 - 5*a**2 - 10*a - 8. Give l(4).
0
Let x(l) = 8*l**2 - 196*l + 290. Give x(23).
14
Let v(s) = s**3 + 19*s**2 - s - 366. Determine v(-18).
-24
Let m(b) = -b**2 + 4*b - 7. Determine m(9).
-52
Let d(o) = 3*o - 37. Give d(10).
-7
Let f(g)